{"id":29,"date":"2017-09-12T14:02:42","date_gmt":"2017-09-12T14:02:42","guid":{"rendered":"http:\/\/www.kameradenkreis.eu\/?page_id=29"},"modified":"2020-04-30T16:44:13","modified_gmt":"2020-04-30T14:44:13","slug":"impressum","status":"publish","type":"page","link":"https:\/\/www.kameradenkreis.eu\/?page_id=29","title":{"rendered":"Impressum \/ Datenschutzerkl\u00e4rung"},"content":{"rendered":"<p><strong>Die Adressen des Kameradenkreises<\/strong><\/p>\n<p><em>Verantwortlich f\u00fcr den Inhalt<\/em><\/p>\n<p>Kameradenkreis 1. Luftlandedivision\/KLK\/DSO\/DSK<br \/>\nim Bund Deutscher Fallschirmj\u00e4ger e.V.<\/p>\n<p>Herr Torsten Schmidt<br \/>\nPostfach 20 00 68<br \/>\n30920 Seelze<br \/>\nTel. 05 11 \u2013 60 01 30 96<br \/>\nFax 05 11 \u2013 5 90 67 36<\/p>\n<p>Kameradschaftsleiter:<br \/>\nGeneralleutnant a.D. Hans-Werner FRITZ<\/p>\n<p>Gesch\u00e4ftsf\u00fchrer:<br \/>\nOberstleutnant d.R. Torsten SCHMIDT 1.lldiv-klk-dso-dsk(at)kameradenkreis.eu<\/p>\n<p>E-Mailbeauftragter und Webmaster:<br \/>\nOberstleutnant d.R. Torsten SCHMIDT 1.lldiv-klk-dso-dsk(at)kameradenkreis.eu<\/p>\n<p>DATENSCHUTZERKL\u00c4RUNG:<\/p>\n<div class=\"entry-content\">\n<div id=\"cc-matrix-3096901027\">\n<div id=\"cc-m-11270705027\" class=\"j-module n j-text \">\n<p>Diese Datenschutzerkl\u00e4rung gilt ausschlie\u00dflich f\u00fcr die Nutzung der von uns angebotenen Internetseiten. Sie gilt nicht f\u00fcr die Webseiten anderer Dienstanbieter, auf die wir lediglich durch einen Link verweisen.<\/p>\n<p>Bei der Nutzung unserer Webseiten bleiben Sie anonym.<\/p>\n<p>Wir werden die von Ihnen zur Verf\u00fcgung gestellten Daten streng vertraulich behandeln. Ohne Ihre ausdr\u00fcckliche Einwilligung geben wir keine pers\u00f6nlichen Daten weiter.<\/p>\n<p>Im Rahmen unserer Rundbriefe senden wir Ihnen E-Mails nur zu, sofern Sie uns Ihre E-Mail-Adresse zur Verf\u00fcgung stellen.<\/p>\n<\/div>\n<\/div>\n<h3>Bei Fragen zum Datenschutz wenden Sie sich bitte an die Gesch\u00e4ftsf\u00fchrung des Kameradenkreises.<\/h3>\n<\/div>\n","protected":false},"excerpt":{"rendered":"<p>Die Adressen des Kameradenkreises Verantwortlich f\u00fcr den Inhalt Kameradenkreis 1. Luftlandedivision\/KLK\/DSO\/DSK im Bund Deutscher Fallschirmj\u00e4ger e.V. Herr Torsten Schmidt Postfach 20 00 68 30920 Seelze Tel. 05 11 \u2013 60 01 30 96 Fax 05 11 \u2013 5 90 67 36 Kameradschaftsleiter: Generalleutnant a.D. Hans-Werner FRITZ Gesch\u00e4ftsf\u00fchrer: Oberstleutnant d.R. Torsten SCHMIDT 1.lldiv-klk-dso-dsk(at)kameradenkreis.eu E-Mailbeauftragter und Webmaster: &hellip; <\/p>\n<p class=\"link-more\"><a href=\"https:\/\/www.kameradenkreis.eu\/?page_id=29\" class=\"more-link\"><span class=\"screen-reader-text\">\u201eImpressum \/ Datenschutzerkl\u00e4rung\u201c <\/span>weiterlesen<\/a><\/p>\n","protected":false},"author":1,"featured_media":0,"parent":0,"menu_order":0,"comment_status":"closed","ping_status":"closed","template":"","meta":{"footnotes":""},"class_list":["post-29","page","type-page","status-publish","hentry"],"_links":{"self":[{"href":"https:\/\/www.kameradenkreis.eu\/index.php?rest_route=\/wp\/v2\/pages\/29","targetHints":{"allow":["GET"]}}],"collection":[{"href":"https:\/\/www.kameradenkreis.eu\/index.php?rest_route=\/wp\/v2\/pages"}],"about":[{"href":"https:\/\/www.kameradenkreis.eu\/index.php?rest_route=\/wp\/v2\/types\/page"}],"author":[{"embeddable":true,"href":"https:\/\/www.kameradenkreis.eu\/index.php?rest_route=\/wp\/v2\/users\/1"}],"replies":[{"embeddable":true,"href":"https:\/\/www.kameradenkreis.eu\/index.php?rest_route=%2Fwp%2Fv2%2Fcomments&post=29"}],"version-history":[{"count":12,"href":"https:\/\/www.kameradenkreis.eu\/index.php?rest_route=\/wp\/v2\/pages\/29\/revisions"}],"predecessor-version":[{"id":361,"href":"https:\/\/www.kameradenkreis.eu\/index.php?rest_route=\/wp\/v2\/pages\/29\/revisions\/361"}],"wp:attachment":[{"href":"https:\/\/www.kameradenkreis.eu\/index.php?rest_route=%2Fwp%2Fv2%2Fmedia&parent=29"}],"curies":[{"name":"wp","href":"https:\/\/api.w.org\/{rel}","templated":true}]}}